 40311 (base 5) to base 7.
10345
-1233 (base 5) to base 16
-c1
1052 (base 14) to base 15
c7b
103003 (base 7) to base 6
214331
32313 (base 5) to base 6
14120
What is -5a87 (base 12) in base 7?
-41455
What is -12312 (base 4) in base 6?
-2010
What is 6e4 (base 16) in base 5?
24024
1011010000110001 (base 2) to base 11
31726
Convert -2332312 (base 4) to base 11.
-91a4
What is 12 (base 11) in base 2?
1101
What is -2002101000 (base 3) in base 8?
-120206
Convert -834 (base 10) to base 8.
-1502
What is -236 (base 8) in base 6?
-422
Convert 306 (base 12) to base 9.
536
Convert -1545 (base 6) to base 14.
-225
100 (base 14) to base 12
144
21361 (base 9) to base 11
a6a3
Convert -59d7 (base 15) to base 11.
-13396
115553 (base 6) to base 5
312430
-3633 (base 8) to base 11
-1510
What is -13133300 (base 4) in base 8?
-73760
What is -120322 (base 4) in base 2?
-11000111010
What is 1052 (base 7) in base 5?
3010
1287 (base 10) to base 4
110013
What is -14332 (base 7) in base 6?
-30131
101000011 (base 2) to base 15
168
2134334 (base 5) to base 3
1212112121
Convert -1201220 (base 4) to base 10.
-6248
Convert -57025 (base 8) to base 4.
-11320111
Convert 2211131 (base 4) to base 9.
15465
128ec (base 16) to base 7
434416
Convert 22231 (base 6) to base 8.
6053
10000011011011 (base 2) to base 5
232121
Convert 756a (base 11) to base 13.
4721
Convert 94 (base 15) to base 3.
12011
Convert 2331 (base 8) to base 3.
1200222
What is -20121010 (base 3) in base 14?
-1a77
-7574 (base 11) to base 3
-111201111
52 (base 9) to base 13
38
1073 (base 13) to base 2
100011110011
What is 1231 (base 5) in base 7?
362
-173 (base 16) to base 3
-111202
Convert -11330 (base 6) to base 3.
-2020200
-101110110 (base 2) to base 4
-11312
Convert -103302 (base 4) to base 11.
-a51
What is 20970 (base 11) in base 5?
1433243
Convert 44 (base 10) to base 11.
40
What is -2064 (base 7) in base 10?
-732
Convert -1001110001 (base 2) to base 5.
-10000
Convert -3802 (base 11) to base 2.
-1001101100011
What is -31 (base 6) in base 13?
-16
-35 (base 9) to base 4
-200
What is 3310 (base 9) in base 13?
1158
-307 (base 15) to base 6
-3054
2b6 (base 16) to base 4
22312
What is 15db6 (base 14) in base 7?
315616
What is 13312 (base 6) in base 14?
a72
What is -5045 (base 8) in base 5?
-40342
-423 (base 5) to base 16
-71
What is 130311 (base 4) in base 6?
12313
What is -2422 (base 8) in base 4?
-110102
6 (base 16) to base 15
6
What is -1829 (base 12) in base 11?
-2209
29 (base 12) to base 6
53
-4321234 (base 5) to base 15
-16ace
-222000000 (base 3) to base 15
-5939
What is 10422 (base 5) in base 4?
23201
-248 (base 13) to base 3
-112202
-22213 (base 5) to base 13
-92b
-13314 (base 6) to base 16
-80e
What is 1449 (base 13) in base 9?
4020
Convert 737 (base 11) to base 14.
475
Convert -30151 (base 6) to base 5.
-111310
2281 (base 9) to base 10
1693
Convert 126d (base 14) to base 13.
1619
What is -2aab (base 14) in base 13?
-35c7
What is -78 (base 15) in base 14?
-81
What is 151354 (base 7) in base 9?
44221
3134 (base 8) to base 16
65c
Convert 21445 (base 6) to base 2.
101110100101
-1044014 (base 5) to base 7
-105220
What is -368b (base 14) in base 5?
-301111
What is 19c2 (base 13) in base 7?
14205
Convert 192 (base 16) to base 8.
622
What is -34332 (base 6) in base 5?
-124010
What is 111011001 (base 2) in base 16?
1d9
What is -1 (base 8) in base 7?
-1
Convert -21000000 (base 3) to base 9.
-7000
What is -e3 (base 15) in base 5?
-1323
Convert 1014312 (base 5) to base 14.
61c4
What is -2022212 (base 3) in base 16?
-6a1
Convert 653 (base 9) to base 11.
446
What is -33 (base 10) in base 11?
-30
-10210020 (base 3) to base 10
-2760
-1001011 (base 3) to base 16
-2f8
Convert -1321 (base 5) to base 9.
-254
What is 2868 (base 12) in base 2?
1001001010000
Convert 131263 (base 7) to base 14.
8cda
Convert 5a6 (base 11) to base 15.
331
What is -188 (base 16) in base 11?
-327
Convert -1051 (base 6) to base 14.
-139
2332 (base 4) to base 9
231
Convert 30070 (base 10) to base 6.
351114
-1088 (base 9) to base 4
-30221
Convert 5252 (base 11) to base 5.
210304
-17476 (base 8) to base 7
-32214
What is 13250 (base 7) in base 4?
313223
What is 21121 (base 4) in base 6?
2441
Convert 1215 (base 7) to base 14.
245
What is 53551 (base 6) in base 4?
1302223
Convert 16a59 (base 13) to base 16.
a9f3
-130 (base 9) to base 2
-1101100
-590 (base 11) to base 5
-10304
What is a77 (base 14) in base 6?
13321
4357 (base 8) to base 9
3121
What is -51300 (base 7) in base 12?
-7293
What is -23020303 (base 4) in base 16?
-b233
What is -244 (base 6) in base 5?
-400
-1001100001100111 (base 2) to base 11
-27349
-5238a (base 11) to base 3
-10212200222
What is -8566 (base 10) in base 15?
-2811
1011111110010111 (base 2) to base 15
e7ec
Convert -326363 (base 7) to base 6.
-1122025
What is 1255 (base 13) in base 4?
220231
-2054 (base 15) to base 5
-204304
Convert 26368 (base 9) to base 14.
66b7
Convert 9a1f (base 16) to base 11.
27709
What is -3620 (base 8) in base 6?
-12544
-192 (base 11) to base 3
-22020
What is 520 (base 10) in base 3?
201021
Convert -416 (base 11) to base 16.
-1f5
Convert -333 (base 16) to base 3.
-1010100
Convert 17a (base 12) to base 3.
22211
-41535 (base 8) to base 7
-101164
-12101 (base 3) to base 5
-1040
-9815 (base 14) to base 3
-1100001110
2024 (base 6) to base 4
13000
Convert -dd4 (base 16) to base 13.
-17c4
-aa1 (base 12) to base 10
-1561
Convert 303030 (base 6) to base 10.
23994
Convert -3136 (base 13) to base 8.
-15225
Convert -d73e (base 16) to base 14.
-1611c
What is -1010111011100 (base 2) in base 15?
-19d1
103331 (base 4) to base 7
3503
-13385 (base 10) to base 11
-a069
What is 322 (base 9) in base 7?
524
21623 (base 7) to base 4
1111100
Convert 200122002 (base 3) to base 10.
13583
Convert 61a (base 14) to base 8.
2260
What is -14031 (base 6) in base 9?
-2881
-6133 (base 15) to base 3
-1001011010
3c1 (base 15) to base 6
3544
What is -4890 (base 13) in base 10?
-10257
What is -dab (base 14) in base 2?
-101010001011
What is 43444 (base 5) in base 10?
2999
-33016 (base 10) to base 5
-2024031
-2010120 (base 3) to base 11
-1193
What is 1141130 (base 5) in base 6?
243051
Convert 10122120011 (base 3) to base 4.
101202223
What is 21203 (base 5) in base 9?
1856
What is -12d (base 16) in base 8?
-455
Convert -2013 (base 6) to base 9.
-540
What is 23233022 (base 4) in base 15?
e39e
-167b (base 13) to base 12
-1b01
What is 153301 (base 6) in base 12?
8831
Convert 780 (base 9) to base 8.
1177
What is 12543 (base 7) in base 11?
2588
Convert -16585 (base 9) to base 15.
-35b2
What is 3a5a (base 13) in base 5?
231411
What is 1dd (base 16) in base 14?
261
What is 3cb2 (base 14) in base 9?
15653
What is -2573 (base 9) in base 12?
-1149
What is -1b050 (base 12) in base 3?
-2000121020
-15214 (base 6) to base 11
-1935
Convert -10001110100101011 (base 2) to base 3.
-10201010211
What is 10686 (base 12) in base 16?
54c6
Convert a085 (base 13) to base 9.
33252
What is -5263 (base 10) in base 12?
-3067
What is 10110011101 (base 2) in base 9?
1866
What is -7a9 (base 15) in base 16?
-6c6
Convert -2a47 (base 13) to base 10.
-6143
Convert -1309 (base 15) to base 13.
-1b03
4396 (base 16) to base 14
643c
1356 (base 13) to base 8
5327
What is 17206 (base 10) in base 11?
11a22
What is 912 (base 10) in base 6?
4120
What is 123111 (base 4) in base 9?
2353
-4414 (base 7) to base 6
-11151
376 (base 10) to base 12
274
What is -20033 (base 6) in base 13?
-1260
What is -5770 (base 11) in base 5?
-220304
Convert -319 (base 16) to base 13.
-490
342a (base 11) to base 8
10635
What is 1616 (base 7) in base 3?
220002
What is -1083 (base 9) in base 3?
-1002210
Convert 11503 (base 10) to base 16.
2cef
104 (base 8) to base 4
1010
Convert 229a2 (base 11) to base 15.
9c4a
Convert -33010 (base 4) to base 12.
-684
Convert 1783 (base 13) to base 10.
3487
Convert -15319 (base 11) to base 5.
-1143204
Convert 1550 (base 9) to base 16.
49b
What is 36 (base 15) in base 12?
43
What is -484 (base 9) in base 6?
-1504
Convert -30440 (base 5) to base 7.
-5550
What is -cba2 (base 15) in base 8?
-124167
What is -2231200 (base 4) in base 12?
-6514
69 (base 11) to base 6
203
-10123033 (base 4) to base 16
-46cf
-da3 (base 16) to base 7
-13115
-11512 (base 9) to base 2
-1111000011010
-6338 (base 12) 